{"id":1737,"date":"2019-10-13T17:01:00","date_gmt":"2019-10-13T17:01:00","guid":{"rendered":"https:\/\/ivmereklam.com\/?page_id=1737"},"modified":"2019-10-13T17:01:00","modified_gmt":"2019-10-13T17:01:00","slug":"katolog-baski","status":"publish","type":"page","link":"https:\/\/ivmereklam.com\/index.php\/katolog-baski\/","title":{"rendered":"Katolog Bask\u0131"},"content":{"rendered":"<p>[vc_row][vc_column][vc_empty_space][\/vc_column][\/vc_row][vc_row][vc_column width=&#8221;2\/3&#8243;][vc_column_text]<\/p>\n<h3><strong>Katalog<\/strong><\/h3>\n<p>Reklam\u0131n ve tan\u0131t\u0131m\u0131n b\u00fcy\u00fck \u00f6nem kazand\u0131\u011f\u0131 g\u00fcn\u00fcm\u00fczde kullan\u0131lan y\u00f6ntemlerin ba\u015f\u0131nda kataloglar gelir. Kataloglar, firmalar\u0131n ya da kurumlar\u0131n \u00fcr\u00fcnlerini ve hizmetlerini tan\u0131tt\u0131klar\u0131, belli bir s\u0131ray\u0131 takip kitap\u00e7\u0131klard\u0131r.<\/p>\n<p>\u015eirketler yeni sezona ait \u00fcr\u00fcnlerini, tasarlad\u0131klar\u0131 b\u00fct\u00fcn \u00fcr\u00fcnleri, indirim kampanyalar\u0131n\u0131 ya da verdikleri b\u00fct\u00fcn hizmetleri kataloglar yoluyla duyurarak potansiyel m\u00fc\u015fterileri \u00e7ekmeye \u00e7al\u0131\u015f\u0131rlar. Giyim firmalar\u0131, s\u00fcpermarketler, avize ma\u011fazalar\u0131, boya firmalar\u0131, i\u00e7 mimarl\u0131k \u015firketleri ve hemen hemen di\u011fer b\u00fct\u00fcn firmalar\u0131n \u00fcr\u00fcnlerini ve hizmetlerini tan\u0131tt\u0131klar\u0131 kataloglar, en kapsaml\u0131 bireysel reklam \u00fcr\u00fcnlerinin ba\u015f\u0131nda gelirler. Gazeteye-TV\u2019ye reklam vermek ya da reklam panolar\u0131n\u0131 kullanmak gibi toplu reklam ara\u00e7lar\u0131n\u0131n d\u0131\u015f\u0131nda en ayr\u0131nt\u0131l\u0131 reklam \u00fcr\u00fcnleridirler ve katalog haz\u0131rlamak dikkat ister.<\/p>\n<p>Belli bir s\u0131ra ve d\u00fczen i\u00e7inde haz\u0131rlanan kataloglar, tercihe g\u00f6re bol bilgili-az g\u00f6rselli olabilece\u011fi gibi g\u00f6rselin a\u011f\u0131rl\u0131kl\u0131 oldu\u011fu \u015fekilde de tasarlanabilir. Ticari kataloglarda -e\u011fer verilen hizmetler yer alacaksa- potansiyel m\u00fc\u015fterilerin ilgisini \u00e7ekebilecek ve ihtiya\u00e7lar\u0131na parmak basabilecek bilgilere a\u011f\u0131rl\u0131k verilmeli, bu anlat\u0131mlar g\u00f6rsel materyaller ile desteklenmelidir.<\/p>\n<p>\u00dcr\u00fcn a\u011f\u0131rl\u0131kl\u0131 katalog haz\u0131rlamak i\u00e7inse verilecek bilgi kadar g\u00f6rsellik de \u00f6nemlidir. \u00dcr\u00fcnlerin dikkat \u00e7ekici foto\u011fraflar\u0131 kullan\u0131lmal\u0131 ve dikkat \u00e7ekici \u00f6zellikleri ayr\u0131nt\u0131ya girmeden yaz\u0131lmal\u0131d\u0131r. Gereksiz bilgilerden ka\u00e7\u0131n\u0131lmal\u0131, m\u00fc\u015fterinin \u00fcr\u00fcne odaklanmas\u0131 sa\u011flanmal\u0131d\u0131r.<\/p>\n<h3><strong>Katalog Yapt\u0131r\u0131rken Nelere Dikkat Etmeliyim?<\/strong><\/h3>\n<p>\u0130stedi\u011finiz boyutlarda katalog bas\u0131m\u0131 yapabilirsiniz ancak genellikle A4 ve A5 formatlar\u0131 kullan\u0131l\u0131r. Katalog tasar\u0131m\u0131ndaki renk d\u00fczeni ise firman\u0131n faaliyet alan\u0131 ve logosuyla uyumlu olmal\u0131d\u0131r. Mutlaka \u00f6nceden katalog kapak \u00f6rneklerine de g\u00f6z at\u0131lmal\u0131d\u0131r. Katalogda kullan\u0131lacak ka\u011f\u0131tlar da olduk\u00e7a \u00e7e\u015fitlidir ancak m\u00fcmk\u00fcnse ku\u015fe ka\u011f\u0131t tercih edilmelidir. Ku\u015fe ka\u011f\u0131tla haz\u0131rlanm\u0131\u015f kataloglar hem g\u00f6rselli\u011fi daha iyi yans\u0131t\u0131rlar hem de firmaya kalite ve sayg\u0131nl\u0131k katarlar. Bu tercihlerin her biri katalog fiyatlar\u0131n\u0131 da belirleyen fakt\u00f6rlerdir.<\/p>\n<p>Kataloglarda ama\u00e7 potansiyel m\u00fc\u015fteriyi daimi m\u00fc\u015fteriye d\u00f6n\u00fc\u015ft\u00fcrmek oldu\u011fu i\u00e7in katalog haz\u0131rlamak firmalar i\u00e7in olduk\u00e7a \u00f6nemlidir.<\/p>\n<h3><strong>Nas\u0131l Bask\u0131 Sipari\u015f Verebilirim?<\/strong><\/h3>\n<p>Firman\u0131z\u0131n, \u00fcr\u00fcnlerinizin, hizmetlerinizin vs. tan\u0131t\u0131m\u0131n\u0131 yapmak i\u00e7in katalog yapt\u0131rmaya karar verdiyseniz \u0130vme reklam\u0131 tercih edebilirsiniz. Sizler i\u00e7in en kaliteli bask\u0131 \u00e7\u00f6z\u00fcmleri sunmaktay\u0131z. Bask\u0131n\u0131n yan\u0131 s\u0131ra firman\u0131z\u0131 en iyi \u015fekilde temsil edece katalog tasar\u0131m\u0131n\u0131 profesyonel \u015fekilde haz\u0131rlamaktay\u0131z. Peki nas\u0131l sipari\u015f verebilirsiniz?<\/p>\n<h6><strong>A\u015fa\u011f\u0131da yer alan formu doldurarak veya irtibat numaralar\u0131m\u0131zdan bizlerle ileti\u015fime ge\u00e7erek daha detayl\u0131 bilgi alabilir veya katalog bask\u0131, tasar\u0131m sipari\u015finizi verebilirsiniz.<\/strong><\/h6>\n<p>[\/vc_column_text][\/vc_column][vc_column width=&#8221;1\/3&#8243;][vc_gallery type=&#8221;image_grid&#8221; images=&#8221;1738,1739,1740,1741,1742,1743,1744&#8243;][\/vc_column][\/vc_row][vc_row][vc_column width=&#8221;1\/2&#8243;][vc_column_text]<\/p>\n<h6>Sipari\u015f vermek i\u00e7in yanda bulunan sipari\u015fi formunu doldurman\u0131z yeterlidir<\/h6>\n<p>\u0130vme Reklam firmas\u0131na sormak istedi\u011finiz soru \u00f6neri ve g\u00f6r\u00fc\u015flerinizi form arac\u0131l\u0131\u011f\u0131 ile bize iletebilirsiniz. Sorular\u0131n\u0131z\u0131 titizlikle inceleyip en k\u0131sa s\u00fcrede geri d\u00f6n\u00fc\u015f sa\u011flar\u0131z.<\/p>\n<p>Bizimle ileti\u015fim kurdu\u011funuz i\u00e7in te\u015fekk\u00fcr ederiz.<\/p>\n<h6><strong>TELEFONLA ULA\u015eMAK \u0130\u00c7\u0130N:<\/strong><br \/>\n<strong>0462 888 6 444<\/strong><\/h6>\n<p>[\/vc_column_text][\/vc_column][vc_column width=&#8221;1\/2&#8243;]\n<div class=\"wpcf7 no-js\" id=\"wpcf7-f96-o1\" lang=\"en-US\" dir=\"ltr\">\n<div class=\"screen-reader-response\"><p role=\"status\" aria-live=\"polite\" aria-atomic=\"true\"><\/p> <ul><\/ul><\/div>\n<form action=\"\/index.php\/wp-json\/wp\/v2\/pages\/1737#wpcf7-f96-o1\" method=\"post\" class=\"wpcf7-form init\" aria-label=\"Contact form\" novalidate=\"novalidate\" data-status=\"init\">\n<div style=\"display: none;\">\n<input type=\"hidden\" name=\"_wpcf7\" value=\"96\" \/>\n<input type=\"hidden\" name=\"_wpcf7_version\" value=\"5.9.6\" \/>\n<input type=\"hidden\" name=\"_wpcf7_locale\" value=\"en_US\" \/>\n<input type=\"hidden\" name=\"_wpcf7_unit_tag\" value=\"wpcf7-f96-o1\" \/>\n<input type=\"hidden\" name=\"_wpcf7_container_post\" value=\"0\" \/>\n<input type=\"hidden\" name=\"_wpcf7_posted_data_hash\" value=\"\" \/>\n<\/div>\n<div class=\"form-style1 fx-cols-2\">\n\t<div class=\"form-column\">\n\t\t<p><span class=\"wpcf7-form-control-wrap\" data-name=\"text-305\"><input size=\"40\" maxlength=\"80\" class=\"wpcf7-form-control wpcf7-text\" aria-invalid=\"false\" placeholder=\"Ad\u0131n\u0131z\" value=\"\" type=\"text\" name=\"text-305\" \/><\/span>\n\t\t<\/p>\n\t<\/div>\n\t<div class=\"form-column\">\n\t\t<p><span class=\"wpcf7-form-control-wrap\" data-name=\"text-301\"><input size=\"40\" maxlength=\"80\" class=\"wpcf7-form-control wpcf7-text\" aria-invalid=\"false\" placeholder=\"Soyad\u0131n\u0131z\" value=\"\" type=\"text\" name=\"text-301\" \/><\/span>\n\t\t<\/p>\n\t<\/div>\n\t<div class=\"form-column\">\n\t\t<p><span class=\"wpcf7-form-control-wrap\" data-name=\"email-453\"><input size=\"40\" maxlength=\"80\" class=\"wpcf7-form-control wpcf7-email wpcf7-text wpcf7-validates-as-email\" aria-invalid=\"false\" placeholder=\"Email\" value=\"\" type=\"email\" name=\"email-453\" \/><\/span>\n\t\t<\/p>\n\t<\/div>\n\t<div class=\"form-column\">\n\t\t<p><span class=\"wpcf7-form-control-wrap\" data-name=\"text-302\"><input size=\"40\" maxlength=\"80\" class=\"wpcf7-form-control wpcf7-text\" aria-invalid=\"false\" placeholder=\"Telefon\" value=\"\" type=\"text\" name=\"text-302\" \/><\/span>\n\t\t<\/p>\n\t<\/div>\n\t<div class=\"form-column-full\">\n\t\t<p><span class=\"wpcf7-form-control-wrap\" data-name=\"menu-51\"><select class=\"wpcf7-form-control wpcf7-select\" aria-invalid=\"false\" name=\"menu-51\"><option value=\"B\u00f6l\u00fcm Se\u00e7in\">B\u00f6l\u00fcm Se\u00e7in<\/option><option value=\"Tabela\">Tabela<\/option><option value=\"Bask\u0131 Hizmeti\">Bask\u0131 Hizmeti<\/option><option value=\"CNC Kesim\">CNC Kesim<\/option><option value=\"Strafor Kesim\">Strafor Kesim<\/option><\/select><\/span>\n\t\t<\/p>\n\t<\/div>\n\t<div class=\"form-column-full\">\n\t\t<p><span class=\"wpcf7-form-control-wrap\" data-name=\"textarea-117\"><textarea cols=\"40\" rows=\"4\" maxlength=\"400\" class=\"wpcf7-form-control wpcf7-textarea\" aria-invalid=\"false\" placeholder=\"Mesaj\" name=\"textarea-117\"><\/textarea><\/span>\n\t\t<\/p>\n\t<\/div>\n\t<div class=\"form-column-full\">\n\t\t<p><input class=\"wpcf7-form-control wpcf7-submit has-spinner\" type=\"submit\" value=\"G\u00f6nder\" \/>\n\t\t<\/p>\n\t<\/div>\n<\/div><div class=\"wpcf7-response-output\" aria-hidden=\"true\"><\/div>\n<\/form>\n<\/div>\n[\/vc_column][\/vc_row]<\/p>\n","protected":false},"excerpt":{"rendered":"<p>[vc_row][vc_column][vc_empty_space][\/vc_column][\/vc_row][vc_row][vc_column width=&#8221;2\/3&#8243;][vc_column_text] Katalog Reklam\u0131n ve tan\u0131t\u0131m\u0131n b\u00fcy\u00fck \u00f6nem kazand\u0131\u011f\u0131 g\u00fcn\u00fcm\u00fczde kullan\u0131lan y\u00f6ntemlerin ba\u015f\u0131nda kataloglar gelir. Kataloglar, firmalar\u0131n ya da kurumlar\u0131n \u00fcr\u00fcnlerini ve hizmetlerini tan\u0131tt\u0131klar\u0131, belli bir s\u0131ray\u0131 takip kitap\u00e7\u0131klard\u0131r. \u015eirketler yeni sezona ait \u00fcr\u00fcnlerini, tasarlad\u0131klar\u0131 b\u00fct\u00fcn \u00fcr\u00fcnleri, indirim kampanyalar\u0131n\u0131 ya da verdikleri b\u00fct\u00fcn hizmetleri kataloglar yoluyla duyurarak potansiyel m\u00fc\u015fterileri \u00e7ekmeye \u00e7al\u0131\u015f\u0131rlar. Giyim firmalar\u0131, s\u00fcpermarketler, avize [&hellip;]<\/p>\n","protected":false},"author":1,"featured_media":0,"parent":0,"menu_order":0,"comment_status":"closed","ping_status":"closed","template":"","meta":{"footnotes":""},"_links":{"self":[{"href":"https:\/\/ivmereklam.com\/index.php\/wp-json\/wp\/v2\/pages\/1737"}],"collection":[{"href":"https:\/\/ivmereklam.com\/index.php\/wp-json\/wp\/v2\/pages"}],"about":[{"href":"https:\/\/ivmereklam.com\/index.php\/wp-json\/wp\/v2\/types\/page"}],"author":[{"embeddable":true,"href":"https:\/\/ivmereklam.com\/index.php\/wp-json\/wp\/v2\/users\/1"}],"replies":[{"embeddable":true,"href":"https:\/\/ivmereklam.com\/index.php\/wp-json\/wp\/v2\/comments?post=1737"}],"version-history":[{"count":1,"href":"https:\/\/ivmereklam.com\/index.php\/wp-json\/wp\/v2\/pages\/1737\/revisions"}],"predecessor-version":[{"id":1745,"href":"https:\/\/ivmereklam.com\/index.php\/wp-json\/wp\/v2\/pages\/1737\/revisions\/1745"}],"wp:attachment":[{"href":"https:\/\/ivmereklam.com\/index.php\/wp-json\/wp\/v2\/media?parent=1737"}],"curies":[{"name":"wp","href":"https:\/\/api.w.org\/{rel}","templated":true}]}}