{"id":1662,"date":"2019-10-13T16:09:29","date_gmt":"2019-10-13T16:09:29","guid":{"rendered":"https:\/\/ivmereklam.com\/?page_id=1662"},"modified":"2019-10-13T16:13:54","modified_gmt":"2019-10-13T16:13:54","slug":"led-tabela","status":"publish","type":"page","link":"https:\/\/ivmereklam.com\/index.php\/led-tabela\/","title":{"rendered":"Led Tabela"},"content":{"rendered":"<p>[vc_row][vc_column][vc_empty_space][\/vc_column][\/vc_row][vc_row][vc_column width=&#8221;2\/3&#8243;][vc_column_text]<\/p>\n<h3><strong>Led Tabela<\/strong><\/h3>\n<p>LED tabela ve LED tabela Sitemleri ile beraber Kayan Yaz\u0131 Sistemleri g\u00fcn\u00fcm\u00fcz \u015fartlar\u0131na u\u011fun olarak en uygun g\u00f6rsellik ve estetik ve kullan\u0131m\u0131 kolay \u00e7ok ama\u00e7l\u0131 tabela sistemleridir.<\/p>\n<p>LED Tabela ve LED Tabela Sistemlerinin \u00f6zellikleri bir \u00e7ok kullanma sebebi vard\u0131r.bunlar\u0131n ba\u015fl\u0131ca Sebenlerinden bir ka\u00e7\u0131 \u015f\u00f6yle, LED Tabela y\u00fcksek ayd\u0131nlatma teknoloji g\u00fcc\u00fc sayesinde geceleri oldu\u011fu kadar g\u00fcnd\u00fczleri i\u015fletmenizin reklam\u0131n\u0131 ve promosyonlar\u0131n\u0131 ve kampanyalar\u0131n\u0131 yapmaktad\u0131r.<\/p>\n<p>LED Tabela sistemleri ve P10 LED Panel sistemlerinin di\u011fer bir \u00f6zelli\u011fi renk \u00e7e\u015fitlili\u011fi ve zenginli\u011fidir.tek renk olarak Sar\u0131, Mavi, K\u0131rm\u0131z, Ye\u015fil,Beyaz Renkler ile ve yan\u0131 s\u0131ra son teknolojik olan FULL LED PANEL di\u011fer bir ad\u0131yla Video Ekranlar sayesinde reklamlar\u0131n\u0131z\u0131 daha iyi bir \u015fekilde yay\u0131nlayabilirsiniz.<\/p>\n<p>LED Tabela Sistemleri ve P10 LED Panel Sistemleri, LED Ekran Sistemleri yaln\u0131z \u00f6zel i\u015fletmeler i\u00e7in de\u011fil kamu ve halka a\u00e7\u0131k bir \u00e7ok alanlarda i\u00e7 mekan ve d\u0131\u015f mekan a\u00e7\u0131k hava reklamc\u0131l\u0131\u011f\u0131n son sistem \u00fcr\u00fcnlerindendir.<\/p>\n<h3><strong>Nas\u0131l Led Tabela Tercih Etmeliyim?<\/strong><\/h3>\n<p>Led tabela sisteminde kullan\u0131lan ledler, filamanlar\u0131 olmad\u0131klar\u0131 i\u00e7in, s\u0131radan bir elektrik ampul\u00fc k\u0131r\u0131l\u0131rken, onlar bu ko\u015fullar alt\u0131nda zarar g\u00f6rmezler. Ye\u015fil ve k\u0131rm\u0131z\u0131 gece g\u00f6r\u00fc\u015f\u00fcn\u00fc korumak i\u00e7in harikad\u0131r, beyaz genel kullan\u0131m ama\u00e7lar\u0131 i\u00e7in iyi bir \u00e7\u00f6z\u00fcmd\u00fcr, mavi genellikle dekoratif ama\u00e7lar i\u00e7in kullan\u0131l\u0131r. \u0130\u00e7 dekorasyona da ta\u015fan led tabelalar farkl\u0131 tarzda d\u00f6\u015fenmi\u015f evlerin i\u00e7ini muhte\u015fem bir \u015fekilde dolduruyor. Bir \u00e7ok de\u011fi\u015fik \u015fekilde tasarlanm\u0131\u015f led tabelalarla, istedi\u011finiz yaz\u0131 tasar\u0131m\u0131n\u0131 kendiniz dizayn ederek, evinizde \u015f\u0131k ambiyanslar olu\u015fturabilirsiniz.<\/p>\n<h3><strong>\u0130\u015fletmeme \u00d6zel Led Tabelaya Nas\u0131l Sahip Olurum?<\/strong><\/h3>\n<p>\u0130\u015fletmenize \u00f6zel tabela \u00e7e\u015fitlerimizden led tabelay\u0131 yapt\u0131rmaya karar verdiyseniz \u0130vme reklam\u0131 tercih edebilirsiniz. Sizler i\u00e7in en kaliteli tabela \u00e7\u00f6z\u00fcmlerini sunmaktay\u0131z. Peki nas\u0131l Led Tabela Sipari\u015fi verebilirsiniz?<\/p>\n<h6><strong>A\u015fa\u011f\u0131da yer alan formu doldurarak veya irtibat numaralar\u0131m\u0131zdan bizlerle ileti\u015fime ge\u00e7erek daha detayl\u0131 bilgi alabilir veya led tabela sipari\u015finizi verebilirsiniz<\/strong><\/h6>\n<p>[\/vc_column_text][\/vc_column][vc_column width=&#8221;1\/3&#8243;][vc_gallery type=&#8221;image_grid&#8221; images=&#8221;1665,1666,1667,1668&#8243;][\/vc_column][\/vc_row][vc_row][vc_column width=&#8221;1\/2&#8243;][vc_column_text]<\/p>\n<h6>Led tabela yapt\u0131rmak i\u00e7in yandaki formu doldurman\u0131z yeterli.<\/h6>\n<p>\u0130vme Reklam firmas\u0131na sormak istedi\u011finiz soru \u00f6neri ve g\u00f6r\u00fc\u015flerinizi form arac\u0131l\u0131\u011f\u0131 ile bize iletebilirsiniz. Sorular\u0131n\u0131z\u0131 titizlikle inceleyip en k\u0131sa s\u00fcrede geri d\u00f6n\u00fc\u015f sa\u011flar\u0131z.<\/p>\n<p>Bizimle ileti\u015fim kurdu\u011funuz i\u00e7in te\u015fekk\u00fcr ederiz.<\/p>\n<h6><strong>TELEFONLA ULA\u015eMAK \u0130\u00c7\u0130N:<\/strong><br \/>\n<strong>0462 888 6 444<\/strong><\/h6>\n<p>[\/vc_column_text][\/vc_column][vc_column width=&#8221;1\/2&#8243;]\n<div class=\"wpcf7 no-js\" id=\"wpcf7-f96-o1\" lang=\"en-US\" dir=\"ltr\">\n<div class=\"screen-reader-response\"><p role=\"status\" aria-live=\"polite\" aria-atomic=\"true\"><\/p> <ul><\/ul><\/div>\n<form action=\"\/index.php\/wp-json\/wp\/v2\/pages\/1662#wpcf7-f96-o1\" method=\"post\" class=\"wpcf7-form init\" aria-label=\"Contact form\" novalidate=\"novalidate\" data-status=\"init\">\n<div style=\"display: none;\">\n<input type=\"hidden\" name=\"_wpcf7\" value=\"96\" \/>\n<input type=\"hidden\" name=\"_wpcf7_version\" value=\"5.9.6\" \/>\n<input type=\"hidden\" name=\"_wpcf7_locale\" value=\"en_US\" \/>\n<input type=\"hidden\" name=\"_wpcf7_unit_tag\" value=\"wpcf7-f96-o1\" \/>\n<input type=\"hidden\" name=\"_wpcf7_container_post\" value=\"0\" \/>\n<input type=\"hidden\" name=\"_wpcf7_posted_data_hash\" value=\"\" \/>\n<\/div>\n<div class=\"form-style1 fx-cols-2\">\n\t<div class=\"form-column\">\n\t\t<p><span class=\"wpcf7-form-control-wrap\" data-name=\"text-305\"><input size=\"40\" maxlength=\"80\" class=\"wpcf7-form-control wpcf7-text\" aria-invalid=\"false\" placeholder=\"Ad\u0131n\u0131z\" value=\"\" type=\"text\" name=\"text-305\" \/><\/span>\n\t\t<\/p>\n\t<\/div>\n\t<div class=\"form-column\">\n\t\t<p><span class=\"wpcf7-form-control-wrap\" data-name=\"text-301\"><input size=\"40\" maxlength=\"80\" class=\"wpcf7-form-control wpcf7-text\" aria-invalid=\"false\" placeholder=\"Soyad\u0131n\u0131z\" value=\"\" type=\"text\" name=\"text-301\" \/><\/span>\n\t\t<\/p>\n\t<\/div>\n\t<div class=\"form-column\">\n\t\t<p><span class=\"wpcf7-form-control-wrap\" data-name=\"email-453\"><input size=\"40\" maxlength=\"80\" class=\"wpcf7-form-control wpcf7-email wpcf7-text wpcf7-validates-as-email\" aria-invalid=\"false\" placeholder=\"Email\" value=\"\" type=\"email\" name=\"email-453\" \/><\/span>\n\t\t<\/p>\n\t<\/div>\n\t<div class=\"form-column\">\n\t\t<p><span class=\"wpcf7-form-control-wrap\" data-name=\"text-302\"><input size=\"40\" maxlength=\"80\" class=\"wpcf7-form-control wpcf7-text\" aria-invalid=\"false\" placeholder=\"Telefon\" value=\"\" type=\"text\" name=\"text-302\" \/><\/span>\n\t\t<\/p>\n\t<\/div>\n\t<div class=\"form-column-full\">\n\t\t<p><span class=\"wpcf7-form-control-wrap\" data-name=\"menu-51\"><select class=\"wpcf7-form-control wpcf7-select\" aria-invalid=\"false\" name=\"menu-51\"><option value=\"B\u00f6l\u00fcm Se\u00e7in\">B\u00f6l\u00fcm Se\u00e7in<\/option><option value=\"Tabela\">Tabela<\/option><option value=\"Bask\u0131 Hizmeti\">Bask\u0131 Hizmeti<\/option><option value=\"CNC Kesim\">CNC Kesim<\/option><option value=\"Strafor Kesim\">Strafor Kesim<\/option><\/select><\/span>\n\t\t<\/p>\n\t<\/div>\n\t<div class=\"form-column-full\">\n\t\t<p><span class=\"wpcf7-form-control-wrap\" data-name=\"textarea-117\"><textarea cols=\"40\" rows=\"4\" maxlength=\"400\" class=\"wpcf7-form-control wpcf7-textarea\" aria-invalid=\"false\" placeholder=\"Mesaj\" name=\"textarea-117\"><\/textarea><\/span>\n\t\t<\/p>\n\t<\/div>\n\t<div class=\"form-column-full\">\n\t\t<p><input class=\"wpcf7-form-control wpcf7-submit has-spinner\" type=\"submit\" value=\"G\u00f6nder\" \/>\n\t\t<\/p>\n\t<\/div>\n<\/div><div class=\"wpcf7-response-output\" aria-hidden=\"true\"><\/div>\n<\/form>\n<\/div>\n[\/vc_column][\/vc_row]<\/p>\n","protected":false},"excerpt":{"rendered":"<p>[vc_row][vc_column][vc_empty_space][\/vc_column][\/vc_row][vc_row][vc_column width=&#8221;2\/3&#8243;][vc_column_text] Led Tabela LED tabela ve LED tabela Sitemleri ile beraber Kayan Yaz\u0131 Sistemleri g\u00fcn\u00fcm\u00fcz \u015fartlar\u0131na u\u011fun olarak en uygun g\u00f6rsellik ve estetik ve kullan\u0131m\u0131 kolay \u00e7ok ama\u00e7l\u0131 tabela sistemleridir. LED Tabela ve LED Tabela Sistemlerinin \u00f6zellikleri bir \u00e7ok kullanma sebebi vard\u0131r.bunlar\u0131n ba\u015fl\u0131ca Sebenlerinden bir ka\u00e7\u0131 \u015f\u00f6yle, LED Tabela y\u00fcksek ayd\u0131nlatma teknoloji g\u00fcc\u00fc sayesinde [&hellip;]<\/p>\n","protected":false},"author":1,"featured_media":0,"parent":0,"menu_order":0,"comment_status":"closed","ping_status":"closed","template":"","meta":{"footnotes":""},"_links":{"self":[{"href":"https:\/\/ivmereklam.com\/index.php\/wp-json\/wp\/v2\/pages\/1662"}],"collection":[{"href":"https:\/\/ivmereklam.com\/index.php\/wp-json\/wp\/v2\/pages"}],"about":[{"href":"https:\/\/ivmereklam.com\/index.php\/wp-json\/wp\/v2\/types\/page"}],"author":[{"embeddable":true,"href":"https:\/\/ivmereklam.com\/index.php\/wp-json\/wp\/v2\/users\/1"}],"replies":[{"embeddable":true,"href":"https:\/\/ivmereklam.com\/index.php\/wp-json\/wp\/v2\/comments?post=1662"}],"version-history":[{"count":3,"href":"https:\/\/ivmereklam.com\/index.php\/wp-json\/wp\/v2\/pages\/1662\/revisions"}],"predecessor-version":[{"id":1670,"href":"https:\/\/ivmereklam.com\/index.php\/wp-json\/wp\/v2\/pages\/1662\/revisions\/1670"}],"wp:attachment":[{"href":"https:\/\/ivmereklam.com\/index.php\/wp-json\/wp\/v2\/media?parent=1662"}],"curies":[{"name":"wp","href":"https:\/\/api.w.org\/{rel}","templated":true}]}}