{"id":1631,"date":"2019-10-11T20:22:25","date_gmt":"2019-10-11T20:22:25","guid":{"rendered":"https:\/\/ivmereklam.com\/?page_id=1631"},"modified":"2019-10-11T20:23:27","modified_gmt":"2019-10-11T20:23:27","slug":"raket-baski","status":"publish","type":"page","link":"https:\/\/ivmereklam.com\/index.php\/raket-baski\/","title":{"rendered":"Raket Bask\u0131"},"content":{"rendered":"<p>[vc_row][vc_column][vc_empty_space][\/vc_column][\/vc_row][vc_row][vc_column width=&#8221;2\/3&#8243;][vc_column_text]<\/p>\n<h3>Raket Bask\u0131<\/h3>\n<p>Genel itibariyle mega light reklam alanlar\u0131n\u0131n daha ufak s\u00fcr\u00fcm\u00fc olan raket tabelalar 60 santimlik metal ayaklar\u0131 bulunan, \u00f6n ve arka cephesi boydan boya cam ile kapat\u0131lm\u0131\u015f, i\u00e7inde kendi \u0131\u015f\u0131kland\u0131rmas\u0131 monte edilmi\u015f ve reklamlar\u0131n yay\u0131nlanmas\u0131 i\u00e7in olduk\u00e7a en uygun birer reklam arac\u0131d\u0131r.<\/p>\n<p>Raket CLP bask\u0131, raket olarak bilinen reklam ara\u00e7lar\u0131n\u0131n i\u00e7ine yerle\u015ftirilmek \u00fczere yap\u0131lan bask\u0131n\u0131n ismidir. En b\u00fcy\u00fck \u00f6zelli\u011fi ku\u015fe ka\u011f\u0131t kullan\u0131lmas\u0131d\u0131r. Ku\u015fe ka\u011f\u0131t normal ka\u011f\u0131tlardan daha dayan\u0131kl\u0131 oldu\u011fu i\u00e7in, bilhassa dinamik raketlerin i\u00e7inde zarar g\u00f6rmesinin \u00f6n\u00fcne ge\u00e7ilmi\u015ftir. Tamamen kapal\u0131 bir kutunun i\u00e7inde sergilenen reklam afi\u015fleri, olumsuz etkileyebilecek su,g\u00fcne\u015f, toz, r\u00fczgar gibi do\u011fa olaylar\u0131n\u0131n etkisinden uzakta olacakt\u0131r. Bu \u00f6zelli\u011fin genellikle i\u00e7 mekan kullan\u0131mlar\u0131nda g\u00f6rmekteyiz. Fakat bu sefer d\u0131\u015f mekanlarda kullan\u0131l\u0131rken de yararlanmak m\u00fcmk\u00fcn olabilir. Son y\u0131llarda aktif olarak kullan\u0131lmaya ba\u015flam\u0131\u015ft\u0131r. G\u00f6ze g\u00fczel gelen yap\u0131s\u0131 vas\u0131tas\u0131 ile insanlar taraf\u0131nda da \u00e7abuk bir bi\u00e7imde benimsenmi\u015ftir.<\/p>\n<p>\u00d6zellikle kalabal\u0131k kent merkezlerine yerle\u015ftirilen raketler vas\u0131tas\u0131 ile fark edilebilir bir bi\u00e7imde reklamlar\u0131n hedef kitle ile bulu\u015fmas\u0131 sa\u011flanmaktad\u0131r. Kutular\u0131n i\u00e7inde bulunan \u0131\u015f\u0131kland\u0131rma, raket CLP bask\u0131 \u00fcr\u00fcn\u00fc afi\u015flerin gece saatlerinde bile olduk\u00e7a net bir bi\u00e7imde okunmas\u0131na ve g\u00f6r\u00fclmesine imk\u00e2n sa\u011flamaktad\u0131r. Sokak reklamlar\u0131ndan en fazla tercih edilen teknikdir. Kaliteli olarak aktar\u0131lan resimler ve g\u00f6rseller vas\u0131tas\u0131 ile insanlar\u0131n ilgisini cezbedecek bir g\u00f6r\u00fcn\u00fcm elde edilmi\u015ftir. CLP bask\u0131 esasen dayan\u0131kl\u0131 bir yap\u0131ya sahiptir. Bir de \u00f6zel kutular\u0131n i\u00e7inde g\u00f6zler \u00f6n\u00fcne seriliyor olmas\u0131 dayan\u0131kl\u0131l\u0131\u011f\u0131n\u0131 daha da artt\u0131rmaktad\u0131r. Kutular \u00f6zel \u0131\u015f\u0131k yans\u0131t\u0131c\u0131 levhalarla bezenmi\u015ftir. Bu sayede tek bir \u0131\u015f\u0131k kayna\u011f\u0131ndan dahi maksimum ayd\u0131nlatma sa\u011flanmaktad\u0131r.:\u00d6zellikle son d\u00f6nemde sokak lambalar\u0131nda g\u00f6rmeye ba\u015flad\u0131\u011f\u0131m\u0131z bu levhalar, raketlerin i\u00e7inde de kullan\u0131lmaktad\u0131r. \u00d6zel bir kilit sistemi ile koruma alt\u0131na al\u0131nan raketler, ger\u00e7ek manada sa\u011flam ve kolay bir reklam alan\u0131d\u0131r.<\/p>\n<p>Raket CLP bask\u0131 tekni\u011finde solvent bazl\u0131 boyalar kullan\u0131l\u0131r. Bu sayede daha canl\u0131 bir g\u00f6r\u00fcnt\u00fc elde edilmekte ve yaz\u0131lar\u0131n uzun \u00f6m\u00fcrl\u00fc olmas\u0131 sa\u011flanmaktad\u0131r. Solvent bazl\u0131 boyalar\u0131n insan sa\u011fl\u0131\u011f\u0131n\u0131 tehdit edebilir olmas\u0131, kutular\u0131n i\u00e7erisine konulmas\u0131 yoluyla da engellemi\u015ftir.<\/p>\n<h3><strong>Nerelerde Kullan\u0131l\u0131r?<\/strong><\/h3>\n<p>Genellikle metro istasyonlar\u0131nda, duraklarda, vapurlarda, kalabal\u0131k caddelerde kullan\u0131m\u0131 tercih edilmektedir. B\u00fcy\u00fck ebatta haz\u0131rlanan raketler ile tan\u0131t\u0131mlar\u0131n\u0131z\u0131 en iyi \u015fekilde yapabilirsiniz. \u00d6zellikle toplu ta\u015f\u0131ma duraklar\u0131ndaki raketler i\u00e7erisine yerle\u015ftirilen mesajlar g\u00fcn i\u00e7erisinde bir \u00e7ok kitleye ula\u015fmaktad\u0131r.<br \/>\nHemen Raket Sipari\u015fi Verebilirsiniz!<\/p>\n<p>Firman\u0131z\u0131n, \u00fcr\u00fcnlerinizin, hizmetlerinizin vs. tan\u0131t\u0131m\u0131n\u0131 yapmak i\u00e7in raket bask\u0131 yapt\u0131rmaya karar verdiyseniz \u0130vme reklam\u0131 tercih edebilirsiniz. Sizler i\u00e7in en kaliteli bask\u0131 \u00e7\u00f6z\u00fcmleri sunmaktay\u0131z. Bask\u0131n\u0131n yan\u0131 s\u0131ra firman\u0131z\u0131 en iyi \u015fekilde temsil edecek, \u00fcr\u00fcnlerinizi iyi bir \u015fekilde tan\u0131tacak, reklam\u0131n\u0131z\u0131 yapacak raket tasar\u0131m\u0131n\u0131 profesyonel \u015fekilde haz\u0131rlamaktay\u0131z. Peki nas\u0131l sipari\u015f verebilirsiniz?<\/p>\n<h6><strong>A\u015fa\u011f\u0131da yer alan formu doldurarak veya irtibat numaralar\u0131m\u0131zdan bizlerle ileti\u015fime ge\u00e7erek daha detayl\u0131 bilgi alabilir veya raket bask\u0131 sipari\u015finizi verebilirsiniz.<\/strong><\/h6>\n<p>[\/vc_column_text][\/vc_column][vc_column width=&#8221;1\/3&#8243;][vc_gallery type=&#8221;image_grid&#8221; images=&#8221;1632,1633,1634&#8243;][\/vc_column][\/vc_row][vc_row][vc_column width=&#8221;1\/2&#8243;][vc_column_text]<\/p>\n<h3><strong>Raket Bask\u0131 Sipari\u015fi Verin!<\/strong><\/h3>\n<p>Strafor kesim \u00fcr\u00fcnleri yapt\u0131rmak isterseniz bizlerle ileti\u015fime ge\u00e7in<\/p>\n<p>\u0130vme Reklam firmas\u0131na sormak istedi\u011finiz soru \u00f6neri ve g\u00f6r\u00fc\u015flerinizi form arac\u0131l\u0131\u011f\u0131 ile bize iletebilirsiniz. Sorular\u0131n\u0131z\u0131 titizlikle inceleyip en k\u0131sa s\u00fcrede geri d\u00f6n\u00fc\u015f sa\u011flar\u0131z.<\/p>\n<p>Bizimle ileti\u015fim kurdu\u011funuz i\u00e7in te\u015fekk\u00fcr ederiz.<\/p>\n<h6><strong>TELEFONLA ULA\u015eMAK \u0130\u00c7\u0130N:<\/strong><br \/>\n<strong>0462 888 6 444<\/strong><\/h6>\n<p>[\/vc_column_text][\/vc_column][vc_column width=&#8221;1\/2&#8243;]\n<div class=\"wpcf7 no-js\" id=\"wpcf7-f96-o1\" lang=\"en-US\" dir=\"ltr\">\n<div class=\"screen-reader-response\"><p role=\"status\" aria-live=\"polite\" aria-atomic=\"true\"><\/p> <ul><\/ul><\/div>\n<form action=\"\/index.php\/wp-json\/wp\/v2\/pages\/1631#wpcf7-f96-o1\" method=\"post\" class=\"wpcf7-form init\" aria-label=\"Contact form\" novalidate=\"novalidate\" data-status=\"init\">\n<div style=\"display: none;\">\n<input type=\"hidden\" name=\"_wpcf7\" value=\"96\" \/>\n<input type=\"hidden\" name=\"_wpcf7_version\" value=\"5.9.6\" \/>\n<input type=\"hidden\" name=\"_wpcf7_locale\" value=\"en_US\" \/>\n<input type=\"hidden\" name=\"_wpcf7_unit_tag\" value=\"wpcf7-f96-o1\" \/>\n<input type=\"hidden\" name=\"_wpcf7_container_post\" value=\"0\" \/>\n<input type=\"hidden\" name=\"_wpcf7_posted_data_hash\" value=\"\" \/>\n<\/div>\n<div class=\"form-style1 fx-cols-2\">\n\t<div class=\"form-column\">\n\t\t<p><span class=\"wpcf7-form-control-wrap\" data-name=\"text-305\"><input size=\"40\" maxlength=\"80\" class=\"wpcf7-form-control wpcf7-text\" aria-invalid=\"false\" placeholder=\"Ad\u0131n\u0131z\" value=\"\" type=\"text\" name=\"text-305\" \/><\/span>\n\t\t<\/p>\n\t<\/div>\n\t<div class=\"form-column\">\n\t\t<p><span class=\"wpcf7-form-control-wrap\" data-name=\"text-301\"><input size=\"40\" maxlength=\"80\" class=\"wpcf7-form-control wpcf7-text\" aria-invalid=\"false\" placeholder=\"Soyad\u0131n\u0131z\" value=\"\" type=\"text\" name=\"text-301\" \/><\/span>\n\t\t<\/p>\n\t<\/div>\n\t<div class=\"form-column\">\n\t\t<p><span class=\"wpcf7-form-control-wrap\" data-name=\"email-453\"><input size=\"40\" maxlength=\"80\" class=\"wpcf7-form-control wpcf7-email wpcf7-text wpcf7-validates-as-email\" aria-invalid=\"false\" placeholder=\"Email\" value=\"\" type=\"email\" name=\"email-453\" \/><\/span>\n\t\t<\/p>\n\t<\/div>\n\t<div class=\"form-column\">\n\t\t<p><span class=\"wpcf7-form-control-wrap\" data-name=\"text-302\"><input size=\"40\" maxlength=\"80\" class=\"wpcf7-form-control wpcf7-text\" aria-invalid=\"false\" placeholder=\"Telefon\" value=\"\" type=\"text\" name=\"text-302\" \/><\/span>\n\t\t<\/p>\n\t<\/div>\n\t<div class=\"form-column-full\">\n\t\t<p><span class=\"wpcf7-form-control-wrap\" data-name=\"menu-51\"><select class=\"wpcf7-form-control wpcf7-select\" aria-invalid=\"false\" name=\"menu-51\"><option value=\"B\u00f6l\u00fcm Se\u00e7in\">B\u00f6l\u00fcm Se\u00e7in<\/option><option value=\"Tabela\">Tabela<\/option><option value=\"Bask\u0131 Hizmeti\">Bask\u0131 Hizmeti<\/option><option value=\"CNC Kesim\">CNC Kesim<\/option><option value=\"Strafor Kesim\">Strafor Kesim<\/option><\/select><\/span>\n\t\t<\/p>\n\t<\/div>\n\t<div class=\"form-column-full\">\n\t\t<p><span class=\"wpcf7-form-control-wrap\" data-name=\"textarea-117\"><textarea cols=\"40\" rows=\"4\" maxlength=\"400\" class=\"wpcf7-form-control wpcf7-textarea\" aria-invalid=\"false\" placeholder=\"Mesaj\" name=\"textarea-117\"><\/textarea><\/span>\n\t\t<\/p>\n\t<\/div>\n\t<div class=\"form-column-full\">\n\t\t<p><input class=\"wpcf7-form-control wpcf7-submit has-spinner\" type=\"submit\" value=\"G\u00f6nder\" \/>\n\t\t<\/p>\n\t<\/div>\n<\/div><div class=\"wpcf7-response-output\" aria-hidden=\"true\"><\/div>\n<\/form>\n<\/div>\n[\/vc_column][\/vc_row]<\/p>\n","protected":false},"excerpt":{"rendered":"<p>[vc_row][vc_column][vc_empty_space][\/vc_column][\/vc_row][vc_row][vc_column width=&#8221;2\/3&#8243;][vc_column_text] Raket Bask\u0131 Genel itibariyle mega light reklam alanlar\u0131n\u0131n daha ufak s\u00fcr\u00fcm\u00fc olan raket tabelalar 60 santimlik metal ayaklar\u0131 bulunan, \u00f6n ve arka cephesi boydan boya cam ile kapat\u0131lm\u0131\u015f, i\u00e7inde kendi \u0131\u015f\u0131kland\u0131rmas\u0131 monte edilmi\u015f ve reklamlar\u0131n yay\u0131nlanmas\u0131 i\u00e7in olduk\u00e7a en uygun birer reklam arac\u0131d\u0131r. Raket CLP bask\u0131, raket olarak bilinen reklam ara\u00e7lar\u0131n\u0131n i\u00e7ine yerle\u015ftirilmek [&hellip;]<\/p>\n","protected":false},"author":1,"featured_media":0,"parent":0,"menu_order":0,"comment_status":"closed","ping_status":"closed","template":"","meta":{"footnotes":""},"_links":{"self":[{"href":"https:\/\/ivmereklam.com\/index.php\/wp-json\/wp\/v2\/pages\/1631"}],"collection":[{"href":"https:\/\/ivmereklam.com\/index.php\/wp-json\/wp\/v2\/pages"}],"about":[{"href":"https:\/\/ivmereklam.com\/index.php\/wp-json\/wp\/v2\/types\/page"}],"author":[{"embeddable":true,"href":"https:\/\/ivmereklam.com\/index.php\/wp-json\/wp\/v2\/users\/1"}],"replies":[{"embeddable":true,"href":"https:\/\/ivmereklam.com\/index.php\/wp-json\/wp\/v2\/comments?post=1631"}],"version-history":[{"count":2,"href":"https:\/\/ivmereklam.com\/index.php\/wp-json\/wp\/v2\/pages\/1631\/revisions"}],"predecessor-version":[{"id":1637,"href":"https:\/\/ivmereklam.com\/index.php\/wp-json\/wp\/v2\/pages\/1631\/revisions\/1637"}],"wp:attachment":[{"href":"https:\/\/ivmereklam.com\/index.php\/wp-json\/wp\/v2\/media?parent=1631"}],"curies":[{"name":"wp","href":"https:\/\/api.w.org\/{rel}","templated":true}]}}