{"id":1593,"date":"2019-10-11T19:49:34","date_gmt":"2019-10-11T19:49:34","guid":{"rendered":"https:\/\/ivmereklam.com\/?page_id=1593"},"modified":"2019-10-11T19:49:34","modified_gmt":"2019-10-11T19:49:34","slug":"vinil-baski","status":"publish","type":"page","link":"https:\/\/ivmereklam.com\/index.php\/vinil-baski\/","title":{"rendered":"Vinil Bask\u0131"},"content":{"rendered":"<p>[vc_row][vc_column][vc_empty_space][\/vc_column][\/vc_row][vc_row][vc_column width=&#8221;2\/3&#8243;][vc_column_text]<\/p>\n<h3><strong>Vinil Bask\u0131<\/strong><\/h3>\n<p>Vinil bask\u0131lar d\u0131\u015f mekan reklam ve tan\u0131t\u0131m \u00fcr\u00fcnleri olarak olduk\u00e7a tercih edilen bir reklam \u00fcr\u00fcnd\u00fcr. Meydanlarda, caddelerde, sokaklarda, duvarlarda, d\u00fckkan gibi i\u015fletmelerin \u00f6nlerinde s\u0131kl\u0131kla g\u00f6rd\u00fc\u011f\u00fcm\u00fcz pankart bask\u0131 da denilen branda vinil bask\u0131lar m\u00fc\u015fterilerin dikkatini \u00e7ekmekte olduk\u00e7a ba\u015far\u0131l\u0131d\u0131r.<\/p>\n<p>Vinil bask\u0131lar 400 gr. 440 gr. gibi brandalara bas\u0131lmaktad\u0131r. Bu malzemeler uzak do\u011fu lamine, avrupa vinil olarak ta adland\u0131r\u0131labilir. Farkl\u0131 ebat se\u00e7enekleri olan vinil bask\u0131lar as\u0131mlar\u0131 kolay olmas\u0131 i\u00e7in 4 kenar\u0131na ku\u015f g\u00f6z\u00fc \u00e7ak\u0131larak yap\u0131lmaktad\u0131r. D\u0131\u015f mekan ko\u015fullar\u0131nda daha dayan\u0131kl\u0131 olmas\u0131 i\u00e7in farkl\u0131 dikim \u00f6zellikleri de bulunmaktad\u0131r.<\/p>\n<p>Olduk\u00e7a dayan\u0131kl\u0131 olan vinil genellikle a\u00e7\u0131k alanlarda Reklam ve Bayrak sekt\u00f6r\u00fcnde Afi\u015f, I\u015f\u0131kl\u0131 \u0131\u015f\u0131ks\u0131z tabela, Totem, Yol panosu, Cephe giydirme v.b. \u00fcr\u00fcnlerin imalat\u0131nda kullan\u0131lmaktad\u0131r.<\/p>\n<p>Vinil bask\u0131 sa\u011flaml\u0131\u011f\u0131, esnekli\u011fi,g\u00f6rselli\u011fi ve uygun fiyat a\u00e7\u0131s\u0131ndan bir \u00e7ok alanda kullan\u0131lmaktad\u0131r. Bask\u0131 brandas\u0131n\u0131n rengi beyazd\u0131r.Bu \u00fcr\u00fcn\u00fcn \u00fczerine istenilen her t\u00fcrl\u00fc g\u00f6rsel bask\u0131 yap\u0131lmaktad\u0131r.<\/p>\n<h3><strong>Vinil Bask\u0131y\u0131 Nerelerde Kullanabilirim?<\/strong><\/h3>\n<p>Vinil kimyevi yap\u0131s\u0131ndan \u00f6t\u00fcr\u00fc olduk\u00e7a dayan\u0131kl\u0131 oldu\u011fundan bir\u00e7ok alanda g\u00f6n\u00fcl rahatl\u0131\u011f\u0131yla kullan\u0131labilmektedir. Genelde a\u00e7\u0131k alanlarda daha \u00e7ok kullan\u0131lan vinil, reklam\u0131n\u0131 yapmak isteyenlerin en \u00e7ok kulland\u0131\u011f\u0131 \u00fcr\u00fcnlerden biridir. Afi\u015f, tabelalar, bayraklar ve Atat\u00fcrk posterleri, fuar stantlar\u0131, tan\u0131t\u0131m ama\u00e7l\u0131 kullan\u0131lan pankartlar gibi geni\u015f kullan\u0131m yelpazesine sahiptir. \u0130ster bina giydirme gibi b\u00fcy\u00fck boyutlarda, istenirse de pankart veya afi\u015f gibi k\u00fc\u00e7\u00fck boyutlarda vinil bask\u0131 kullanmak m\u00fcmk\u00fcnd\u00fcr.<\/p>\n<p>Hafif, sa\u011flam ve ta\u015f\u0131nabilir olu\u015fu sayesinde de belki de reklam ve tan\u0131t\u0131m konusunda en b\u00fcy\u00fck paya sahip olan vinil sayesinde uygun vinil fiyatlar\u0131 ile reklam \u00e7\u00f6z\u00fcmleri \u00fcretmek m\u00fcmk\u00fcn. Fakat unutulmamal\u0131d\u0131r ki vinil bask\u0131n\u0131n kaliteli olmas\u0131 i\u00e7in, yap\u0131lan tasar\u0131m \u00e7al\u0131\u015fmas\u0131n\u0131n da y\u00fcksek \u00e7\u00f6z\u00fcn\u00fcrl\u00fckl\u00fc ve kaliteli olmas\u0131 gerekmektedir. Sizlere profesyonel tasar\u0131m hizmeti vermekteyiz.<\/p>\n<h3><strong>Vakit Kaybetmeden Vinil Bask\u0131 Sipari\u015fi Verin!<\/strong><\/h3>\n<p>Firman\u0131z\u0131n, \u00fcr\u00fcnlerinizin, hizmetlerinizin vs. tan\u0131t\u0131m\u0131n\u0131 yapmak i\u00e7in a\u00e7\u0131k alanda uzun \u00f6m\u00fcrl\u00fc olan vinil bask\u0131 yapt\u0131rmaya karar verdiyseniz \u0130vme reklam\u0131 tercih edebilirsiniz. Sizler i\u00e7in en kaliteli bask\u0131 \u00e7\u00f6z\u00fcmleri sunmaktay\u0131z. Bask\u0131n\u0131n yan\u0131 s\u0131ra firman\u0131z\u0131 en iyi \u015fekilde temsil edecek afi\u015f, poster, vinil bask\u0131 tasar\u0131m\u0131n\u0131 profesyonel \u015fekilde haz\u0131rlamaktay\u0131z. Peki nas\u0131l sipari\u015f verebilirsiniz?<\/p>\n<p>A\u015fa\u011f\u0131da yer alan formu doldurarak veya irtibat numaralar\u0131m\u0131zdan bizlerle ileti\u015fime ge\u00e7erek daha detayl\u0131 bilgi alabilir veya vinil bask\u0131 sipari\u015finizi verebilirsiniz[\/vc_column_text][\/vc_column][vc_column width=&#8221;1\/3&#8243;][vc_gallery type=&#8221;image_grid&#8221; images=&#8221;1594,1595,1596,1597,1598,1599,1600&#8243;][\/vc_column][\/vc_row][vc_row][vc_column width=&#8221;1\/2&#8243;][vc_column_text]<\/p>\n<h3><strong>Vinil Bask\u0131 Sipari\u015fi Verin!<\/strong><\/h3>\n<p>Strafor kesim \u00fcr\u00fcnleri yapt\u0131rmak isterseniz bizlerle ileti\u015fime ge\u00e7in<\/p>\n<p>\u0130vme Reklam firmas\u0131na sormak istedi\u011finiz soru \u00f6neri ve g\u00f6r\u00fc\u015flerinizi form arac\u0131l\u0131\u011f\u0131 ile bize iletebilirsiniz. Sorular\u0131n\u0131z\u0131 titizlikle inceleyip en k\u0131sa s\u00fcrede geri d\u00f6n\u00fc\u015f sa\u011flar\u0131z.<\/p>\n<p>Bizimle ileti\u015fim kurdu\u011funuz i\u00e7in te\u015fekk\u00fcr ederiz.<\/p>\n<p>TELEFONLA ULA\u015eMAK \u0130\u00c7\u0130N:<br \/>\n0462 888 6 444[\/vc_column_text][\/vc_column][vc_column width=&#8221;1\/2&#8243;]\n<div class=\"wpcf7 no-js\" id=\"wpcf7-f96-o1\" lang=\"en-US\" dir=\"ltr\">\n<div class=\"screen-reader-response\"><p role=\"status\" aria-live=\"polite\" aria-atomic=\"true\"><\/p> <ul><\/ul><\/div>\n<form action=\"\/index.php\/wp-json\/wp\/v2\/pages\/1593#wpcf7-f96-o1\" method=\"post\" class=\"wpcf7-form init\" aria-label=\"Contact form\" novalidate=\"novalidate\" data-status=\"init\">\n<div style=\"display: none;\">\n<input type=\"hidden\" name=\"_wpcf7\" value=\"96\" \/>\n<input type=\"hidden\" name=\"_wpcf7_version\" value=\"5.9.6\" \/>\n<input type=\"hidden\" name=\"_wpcf7_locale\" value=\"en_US\" \/>\n<input type=\"hidden\" name=\"_wpcf7_unit_tag\" value=\"wpcf7-f96-o1\" \/>\n<input type=\"hidden\" name=\"_wpcf7_container_post\" value=\"0\" \/>\n<input type=\"hidden\" name=\"_wpcf7_posted_data_hash\" value=\"\" \/>\n<\/div>\n<div class=\"form-style1 fx-cols-2\">\n\t<div class=\"form-column\">\n\t\t<p><span class=\"wpcf7-form-control-wrap\" data-name=\"text-305\"><input size=\"40\" maxlength=\"80\" class=\"wpcf7-form-control wpcf7-text\" aria-invalid=\"false\" placeholder=\"Ad\u0131n\u0131z\" value=\"\" type=\"text\" name=\"text-305\" \/><\/span>\n\t\t<\/p>\n\t<\/div>\n\t<div class=\"form-column\">\n\t\t<p><span class=\"wpcf7-form-control-wrap\" data-name=\"text-301\"><input size=\"40\" maxlength=\"80\" class=\"wpcf7-form-control wpcf7-text\" aria-invalid=\"false\" placeholder=\"Soyad\u0131n\u0131z\" value=\"\" type=\"text\" name=\"text-301\" \/><\/span>\n\t\t<\/p>\n\t<\/div>\n\t<div class=\"form-column\">\n\t\t<p><span class=\"wpcf7-form-control-wrap\" data-name=\"email-453\"><input size=\"40\" maxlength=\"80\" class=\"wpcf7-form-control wpcf7-email wpcf7-text wpcf7-validates-as-email\" aria-invalid=\"false\" placeholder=\"Email\" value=\"\" type=\"email\" name=\"email-453\" \/><\/span>\n\t\t<\/p>\n\t<\/div>\n\t<div class=\"form-column\">\n\t\t<p><span class=\"wpcf7-form-control-wrap\" data-name=\"text-302\"><input size=\"40\" maxlength=\"80\" class=\"wpcf7-form-control wpcf7-text\" aria-invalid=\"false\" placeholder=\"Telefon\" value=\"\" type=\"text\" name=\"text-302\" \/><\/span>\n\t\t<\/p>\n\t<\/div>\n\t<div class=\"form-column-full\">\n\t\t<p><span class=\"wpcf7-form-control-wrap\" data-name=\"menu-51\"><select class=\"wpcf7-form-control wpcf7-select\" aria-invalid=\"false\" name=\"menu-51\"><option value=\"B\u00f6l\u00fcm Se\u00e7in\">B\u00f6l\u00fcm Se\u00e7in<\/option><option value=\"Tabela\">Tabela<\/option><option value=\"Bask\u0131 Hizmeti\">Bask\u0131 Hizmeti<\/option><option value=\"CNC Kesim\">CNC Kesim<\/option><option value=\"Strafor Kesim\">Strafor Kesim<\/option><\/select><\/span>\n\t\t<\/p>\n\t<\/div>\n\t<div class=\"form-column-full\">\n\t\t<p><span class=\"wpcf7-form-control-wrap\" data-name=\"textarea-117\"><textarea cols=\"40\" rows=\"4\" maxlength=\"400\" class=\"wpcf7-form-control wpcf7-textarea\" aria-invalid=\"false\" placeholder=\"Mesaj\" name=\"textarea-117\"><\/textarea><\/span>\n\t\t<\/p>\n\t<\/div>\n\t<div class=\"form-column-full\">\n\t\t<p><input class=\"wpcf7-form-control wpcf7-submit has-spinner\" type=\"submit\" value=\"G\u00f6nder\" \/>\n\t\t<\/p>\n\t<\/div>\n<\/div><div class=\"wpcf7-response-output\" aria-hidden=\"true\"><\/div>\n<\/form>\n<\/div>\n[\/vc_column][\/vc_row]<\/p>\n","protected":false},"excerpt":{"rendered":"<p>[vc_row][vc_column][vc_empty_space][\/vc_column][\/vc_row][vc_row][vc_column width=&#8221;2\/3&#8243;][vc_column_text] Vinil Bask\u0131 Vinil bask\u0131lar d\u0131\u015f mekan reklam ve tan\u0131t\u0131m \u00fcr\u00fcnleri olarak olduk\u00e7a tercih edilen bir reklam \u00fcr\u00fcnd\u00fcr. Meydanlarda, caddelerde, sokaklarda, duvarlarda, d\u00fckkan gibi i\u015fletmelerin \u00f6nlerinde s\u0131kl\u0131kla g\u00f6rd\u00fc\u011f\u00fcm\u00fcz pankart bask\u0131 da denilen branda vinil bask\u0131lar m\u00fc\u015fterilerin dikkatini \u00e7ekmekte olduk\u00e7a ba\u015far\u0131l\u0131d\u0131r. Vinil bask\u0131lar 400 gr. 440 gr. gibi brandalara bas\u0131lmaktad\u0131r. Bu malzemeler uzak do\u011fu lamine, [&hellip;]<\/p>\n","protected":false},"author":1,"featured_media":0,"parent":0,"menu_order":0,"comment_status":"closed","ping_status":"closed","template":"","meta":{"footnotes":""},"_links":{"self":[{"href":"https:\/\/ivmereklam.com\/index.php\/wp-json\/wp\/v2\/pages\/1593"}],"collection":[{"href":"https:\/\/ivmereklam.com\/index.php\/wp-json\/wp\/v2\/pages"}],"about":[{"href":"https:\/\/ivmereklam.com\/index.php\/wp-json\/wp\/v2\/types\/page"}],"author":[{"embeddable":true,"href":"https:\/\/ivmereklam.com\/index.php\/wp-json\/wp\/v2\/users\/1"}],"replies":[{"embeddable":true,"href":"https:\/\/ivmereklam.com\/index.php\/wp-json\/wp\/v2\/comments?post=1593"}],"version-history":[{"count":1,"href":"https:\/\/ivmereklam.com\/index.php\/wp-json\/wp\/v2\/pages\/1593\/revisions"}],"predecessor-version":[{"id":1601,"href":"https:\/\/ivmereklam.com\/index.php\/wp-json\/wp\/v2\/pages\/1593\/revisions\/1601"}],"wp:attachment":[{"href":"https:\/\/ivmereklam.com\/index.php\/wp-json\/wp\/v2\/media?parent=1593"}],"curies":[{"name":"wp","href":"https:\/\/api.w.org\/{rel}","templated":true}]}}