{"id":1582,"date":"2019-10-11T19:35:21","date_gmt":"2019-10-11T19:35:21","guid":{"rendered":"https:\/\/ivmereklam.com\/?page_id=1582"},"modified":"2019-10-11T19:36:03","modified_gmt":"2019-10-11T19:36:03","slug":"strafor-maket-stand","status":"publish","type":"page","link":"https:\/\/ivmereklam.com\/index.php\/strafor-maket-stand\/","title":{"rendered":"Strafor Maket &#038; Stand"},"content":{"rendered":"<p>[vc_row][vc_column][vc_empty_space][\/vc_column][\/vc_row][vc_row][vc_column width=&#8221;2\/3&#8243;][vc_column_text]<\/p>\n<h3><strong>Strafor Maket &amp; Stand<\/strong><\/h3>\n<p>Herhangi bir \u00fcr\u00fcn\u00fcn strafordan istenilen ebatta yap\u0131lm\u0131\u015f haline strafor maket (Strafor heykel) denir.<\/p>\n<p>Strafor maketler genellikle fuarlarda, seminerlerde, organizasyonlarda, \u00fcr\u00fcn tan\u0131t\u0131m, anma t\u00f6renleri veya kutlamalarda kullan\u0131m\u0131 tercih edilmektedir. Yeni \u00e7\u0131karaca\u011f\u0131n\u0131z bir \u00fcr\u00fcn\u00fcn tan\u0131t\u0131m fuar\u0131nda b\u00fcy\u00fck boy maketini yapt\u0131rabilirsiniz.<br \/>\nOrganizasyonlar\u0131n\u0131z\u0131 Strafor Maket \u0130le Renklendirin<\/p>\n<p>Do\u011fum g\u00fcn\u00fc gibi organizasyonlar\u0131n\u0131zda strafor maket \u00fcr\u00fcn\u00fcn\u00fc tercih edebilirsiniz. S\u00fcper kahraman temal\u0131, \u00e7izgi film karakteri gibi bir \u00e7ok modelde strafor maketler \u00fcretmekteyiz. Sizde bunlardan birini tercih ederek organizasyonlar\u0131n\u0131z\u0131 renklendirebilirsiniz.<\/p>\n<p>Bunlar\u0131n yan\u0131 s\u0131ra tan\u0131t\u0131mlar\u0131n\u0131z\u0131 ger\u00e7ekle\u015ftirece\u011finizi stand\u0131 da strafordan yapt\u0131rabilirsiniz. Strafor stantlar ve maketler maliyeti a\u00e7\u0131s\u0131ndan uygun \u00fcr\u00fcnler olduklar\u0131 i\u00e7in her alanda kullan\u0131m\u0131 tercih edilmektedir. Sizde ivme reklam sayesinde en uygun fiyata en kaliteli strafor \u00fcr\u00fcnlerine sahip olabilirsiniz.<\/p>\n<h3><strong>Vakit Kaybetmeden Sipari\u015f Verin!<\/strong><\/h3>\n<p>Strafor stand veya maket \u00fcr\u00fcnlerini tercih etmeniz durumunda \u0130vme reklam olarak sizler i\u00e7in \u00f6zel stand, maket uygulamalar\u0131 haz\u0131rlamaktay\u0131z. Strafor malzemeler maliyet a\u00e7\u0131s\u0131ndan uygun olmalar\u0131 nedeniyle en uygun fiyata en kaliteli hizmeti sunmaktay\u0131z. Peki bu hizmetten nas\u0131l yararlanacaks\u0131n\u0131z ?<\/p>\n<p>Alt k\u0131s\u0131mda yer alan sipari\u015f formunu doldurarak veya irtibat numaram\u0131zdan bizlerle ileti\u015fime ge\u00e7erek sipari\u015finizi verebilirsiniz.[\/vc_column_text][\/vc_column][vc_column width=&#8221;1\/3&#8243;][vc_gallery type=&#8221;image_grid&#8221; images=&#8221;1583,1584,1585,1586,1587,1588,1589,1590&#8243;][\/vc_column][\/vc_row][vc_row][vc_column width=&#8221;1\/2&#8243;][vc_column_text]<\/p>\n<h3><strong>Hemen Strafor Maket Stand Sipari\u015fi Verin!<\/strong><\/h3>\n<p>Strafor kesim \u00fcr\u00fcnleri yapt\u0131rmak isterseniz bizlerle ileti\u015fime ge\u00e7in<\/p>\n<p>\u0130vme Reklam firmas\u0131na sormak istedi\u011finiz soru \u00f6neri ve g\u00f6r\u00fc\u015flerinizi form arac\u0131l\u0131\u011f\u0131 ile bize iletebilirsiniz. Sorular\u0131n\u0131z\u0131 titizlikle inceleyip en k\u0131sa s\u00fcrede geri d\u00f6n\u00fc\u015f sa\u011flar\u0131z.<\/p>\n<p>Bizimle ileti\u015fim kurdu\u011funuz i\u00e7in te\u015fekk\u00fcr ederiz.<\/p>\n<p>TELEFONLA ULA\u015eMAK \u0130\u00c7\u0130N:<br \/>\n0462 888 6 444[\/vc_column_text][\/vc_column][vc_column width=&#8221;1\/2&#8243;]\n<div class=\"wpcf7 no-js\" id=\"wpcf7-f96-o1\" lang=\"en-US\" dir=\"ltr\">\n<div class=\"screen-reader-response\"><p role=\"status\" aria-live=\"polite\" aria-atomic=\"true\"><\/p> <ul><\/ul><\/div>\n<form action=\"\/index.php\/wp-json\/wp\/v2\/pages\/1582#wpcf7-f96-o1\" method=\"post\" class=\"wpcf7-form init\" aria-label=\"Contact form\" novalidate=\"novalidate\" data-status=\"init\">\n<div style=\"display: none;\">\n<input type=\"hidden\" name=\"_wpcf7\" value=\"96\" \/>\n<input type=\"hidden\" name=\"_wpcf7_version\" value=\"5.9.6\" \/>\n<input type=\"hidden\" name=\"_wpcf7_locale\" value=\"en_US\" \/>\n<input type=\"hidden\" name=\"_wpcf7_unit_tag\" value=\"wpcf7-f96-o1\" \/>\n<input type=\"hidden\" name=\"_wpcf7_container_post\" value=\"0\" \/>\n<input type=\"hidden\" name=\"_wpcf7_posted_data_hash\" value=\"\" \/>\n<\/div>\n<div class=\"form-style1 fx-cols-2\">\n\t<div class=\"form-column\">\n\t\t<p><span class=\"wpcf7-form-control-wrap\" data-name=\"text-305\"><input size=\"40\" maxlength=\"80\" class=\"wpcf7-form-control wpcf7-text\" aria-invalid=\"false\" placeholder=\"Ad\u0131n\u0131z\" value=\"\" type=\"text\" name=\"text-305\" \/><\/span>\n\t\t<\/p>\n\t<\/div>\n\t<div class=\"form-column\">\n\t\t<p><span class=\"wpcf7-form-control-wrap\" data-name=\"text-301\"><input size=\"40\" maxlength=\"80\" class=\"wpcf7-form-control wpcf7-text\" aria-invalid=\"false\" placeholder=\"Soyad\u0131n\u0131z\" value=\"\" type=\"text\" name=\"text-301\" \/><\/span>\n\t\t<\/p>\n\t<\/div>\n\t<div class=\"form-column\">\n\t\t<p><span class=\"wpcf7-form-control-wrap\" data-name=\"email-453\"><input size=\"40\" maxlength=\"80\" class=\"wpcf7-form-control wpcf7-email wpcf7-text wpcf7-validates-as-email\" aria-invalid=\"false\" placeholder=\"Email\" value=\"\" type=\"email\" name=\"email-453\" \/><\/span>\n\t\t<\/p>\n\t<\/div>\n\t<div class=\"form-column\">\n\t\t<p><span class=\"wpcf7-form-control-wrap\" data-name=\"text-302\"><input size=\"40\" maxlength=\"80\" class=\"wpcf7-form-control wpcf7-text\" aria-invalid=\"false\" placeholder=\"Telefon\" value=\"\" type=\"text\" name=\"text-302\" \/><\/span>\n\t\t<\/p>\n\t<\/div>\n\t<div class=\"form-column-full\">\n\t\t<p><span class=\"wpcf7-form-control-wrap\" data-name=\"menu-51\"><select class=\"wpcf7-form-control wpcf7-select\" aria-invalid=\"false\" name=\"menu-51\"><option value=\"B\u00f6l\u00fcm Se\u00e7in\">B\u00f6l\u00fcm Se\u00e7in<\/option><option value=\"Tabela\">Tabela<\/option><option value=\"Bask\u0131 Hizmeti\">Bask\u0131 Hizmeti<\/option><option value=\"CNC Kesim\">CNC Kesim<\/option><option value=\"Strafor Kesim\">Strafor Kesim<\/option><\/select><\/span>\n\t\t<\/p>\n\t<\/div>\n\t<div class=\"form-column-full\">\n\t\t<p><span class=\"wpcf7-form-control-wrap\" data-name=\"textarea-117\"><textarea cols=\"40\" rows=\"4\" maxlength=\"400\" class=\"wpcf7-form-control wpcf7-textarea\" aria-invalid=\"false\" placeholder=\"Mesaj\" name=\"textarea-117\"><\/textarea><\/span>\n\t\t<\/p>\n\t<\/div>\n\t<div class=\"form-column-full\">\n\t\t<p><input class=\"wpcf7-form-control wpcf7-submit has-spinner\" type=\"submit\" value=\"G\u00f6nder\" \/>\n\t\t<\/p>\n\t<\/div>\n<\/div><div class=\"wpcf7-response-output\" aria-hidden=\"true\"><\/div>\n<\/form>\n<\/div>\n[\/vc_column][\/vc_row]<\/p>\n","protected":false},"excerpt":{"rendered":"<p>[vc_row][vc_column][vc_empty_space][\/vc_column][\/vc_row][vc_row][vc_column width=&#8221;2\/3&#8243;][vc_column_text] Strafor Maket &amp; Stand Herhangi bir \u00fcr\u00fcn\u00fcn strafordan istenilen ebatta yap\u0131lm\u0131\u015f haline strafor maket (Strafor heykel) denir. Strafor maketler genellikle fuarlarda, seminerlerde, organizasyonlarda, \u00fcr\u00fcn tan\u0131t\u0131m, anma t\u00f6renleri veya kutlamalarda kullan\u0131m\u0131 tercih edilmektedir. Yeni \u00e7\u0131karaca\u011f\u0131n\u0131z bir \u00fcr\u00fcn\u00fcn tan\u0131t\u0131m fuar\u0131nda b\u00fcy\u00fck boy maketini yapt\u0131rabilirsiniz. Organizasyonlar\u0131n\u0131z\u0131 Strafor Maket \u0130le Renklendirin Do\u011fum g\u00fcn\u00fc gibi organizasyonlar\u0131n\u0131zda strafor maket [&hellip;]<\/p>\n","protected":false},"author":1,"featured_media":0,"parent":0,"menu_order":0,"comment_status":"closed","ping_status":"closed","template":"","meta":{"footnotes":""},"_links":{"self":[{"href":"https:\/\/ivmereklam.com\/index.php\/wp-json\/wp\/v2\/pages\/1582"}],"collection":[{"href":"https:\/\/ivmereklam.com\/index.php\/wp-json\/wp\/v2\/pages"}],"about":[{"href":"https:\/\/ivmereklam.com\/index.php\/wp-json\/wp\/v2\/types\/page"}],"author":[{"embeddable":true,"href":"https:\/\/ivmereklam.com\/index.php\/wp-json\/wp\/v2\/users\/1"}],"replies":[{"embeddable":true,"href":"https:\/\/ivmereklam.com\/index.php\/wp-json\/wp\/v2\/comments?post=1582"}],"version-history":[{"count":1,"href":"https:\/\/ivmereklam.com\/index.php\/wp-json\/wp\/v2\/pages\/1582\/revisions"}],"predecessor-version":[{"id":1591,"href":"https:\/\/ivmereklam.com\/index.php\/wp-json\/wp\/v2\/pages\/1582\/revisions\/1591"}],"wp:attachment":[{"href":"https:\/\/ivmereklam.com\/index.php\/wp-json\/wp\/v2\/media?parent=1582"}],"curies":[{"name":"wp","href":"https:\/\/api.w.org\/{rel}","templated":true}]}}